{"id":64,"date":"2013-09-18T14:41:23","date_gmt":"2013-09-18T12:41:23","guid":{"rendered":"http:\/\/vzfdj.de\/cms\/?page_id=64"},"modified":"2024-05-30T20:19:59","modified_gmt":"2024-05-30T18:19:59","slug":"der-verein","status":"publish","type":"page","link":"https:\/\/vzfdj.de\/cms\/der-verein\/","title":{"rendered":"Der Verein"},"content":{"rendered":"<h2>Wer sind wir?<\/h2>\n<p>Der Verein zur F\u00f6rderung der Jugend e.V. besteht seit 1953.<\/p>\n<p>Ein Anliegen des Vereins ist, den \u00dcbergang vom Vorschul- zum Schulkind optimal zu gestalten und dabei den Kindern Selbstbewusstsein und Selbstvertrauen zu vermitteln.<\/p>\n<p>Es bestehen aktuell F\u00f6rdergruppen in den Stadtteilen Constantia, Fr\u00fcchteburg, Larrelt, Wolthusen und Wybelsum.<\/p>\n<p><strong>Der Vorstand:<\/strong><\/p>\n<p>Sarah Westermann (1. Vorsitzende)<br \/>\nN.N. (2. Vorsitzende\/r)<br \/>\nHella Dinkgr\u00e4ve\u00a0(Schatzmeisterin)<br \/>\nN.N. (stellvertr. Schatzmeister)<br \/>\nTanja Enseroth\u00a0 (Schriftf\u00fchrerin)<br \/>\nG. Ehrentraut, H. Witt (Kassenpr\u00fcfer)<\/p>\n<p><a href=\"https:\/\/vzfdj.de\/cms\/impressum\/\"><strong>Kontakt<\/strong>: siehe Impressum<\/a><\/p>\n<h2>Wie wird gearbeitet?<\/h2>\n<p>In kleinen Gruppen bauen wir einen intensiven Kontakt zu den Kindern auf. Dabei werden nach relativ kurzer Zeit die St\u00e4rken und Schw\u00e4chen der Kinder erkannt, sodass dann entsprechende Angebote gemacht werden k\u00f6nnen.<\/p>\n<p>Kinder mit starken Defiziten k\u00f6nnen durchaus regelm\u00e4\u00dfig Einzelf\u00f6rderung erfahren.<\/p>\n<p>Zu den grundlegenden Zielen geh\u00f6ren:<\/p>\n<ul>\n<li>Kennenlernen und Vertrautwerden mit dem schulischen Umfeld<\/li>\n<li>Allm\u00e4hliche \u00dcberleitung vom vorschulischen zum schulischen Lernen<\/li>\n<li>Erwerben bzw. Verfeinern von F\u00e4higkeiten im sozialen, kognitiven und (fein-)motorischen Bereich<\/li>\n<li>Ausgleichen bzw. Beheben von Entwicklungsdefiziten, insbesondere wenn sie einer reibungslosen Eingliederung des Kindes in der Schule im Weg stehen<\/li>\n<\/ul>\n<h2>Wen sprechen wir an?<\/h2>\n<p>Es werden Kinder im Vorschulalter (5 bis 6 Jahre) gef\u00f6rdert.<\/p>\n<p>Die Gruppenst\u00e4rke betr\u00e4gt max. 12 Kinder. Die Gruppen sind in den Grundschulen der jeweiligen Stadtteile untergebracht.<\/p>\n<p>Die Leitung der Gruppen liegt in den H\u00e4nden erfahrener p\u00e4dagogischer Mitarbeiterinnen.<\/p>\n<h2>Kosten<\/h2>\n<p>30 \u20ac monatlich (1 Nachmittag pro Woche = 120 Minuten).<\/p>\n<p>Kinder, deren Eltern Leistungen zur Sicherung des Lebensunterhalts nach SGB II beziehen, k\u00f6nnen auf Antrag einen Freiplatz erhalten.<\/p>\n<p>Unser Verein ist Kooperationspartner der &#8222;Mach mit!-Karte Emden&#8220;.<\/p>\n<p>Anmeldeformulare und weitere Dokumente finden Sie unter <a title=\"Downloads\" href=\"https:\/\/vzfdj.de\/cms\/downloads\/\">Downloads.<\/a><\/p>\n<h2>Bankverbindung<\/h2>\n<p>Sparkasse Emden<br \/>\nBankleitzahl 284 500 00<br \/>\nKonto-Nr. 5785<br \/>\nIBAN: DE03 2845 0000 0000 0057 85<br \/>\nBIC: BRLADE21EMD<br \/>\nGl\u00e4ubiger-ID: DE77ZZZ00000127690<\/p>\n","protected":false},"excerpt":{"rendered":"<p>Wer sind wir? Der Verein zur F\u00f6rderung der Jugend e.V. besteht seit 1953. Ein Anliegen des Vereins ist, den \u00dcbergang vom Vorschul- zum Schulkind optimal zu gestalten und dabei den Kindern Selbstbewusstsein und Selbstvertrauen zu vermitteln. Es bestehen aktuell F\u00f6rdergruppen in den Stadtteilen Constantia, Fr\u00fcchteburg, Larrelt, Wolthusen und Wybelsum. Der Vorstand: Sarah Westermann (1. Vorsitzende) &hellip; <a href=\"https:\/\/vzfdj.de\/cms\/der-verein\/\" class=\"more-link\"><span class=\"screen-reader-text\">Der Verein<\/span> weiterlesen <span class=\"meta-nav\">&rarr;<\/span><\/a><\/p>\n","protected":false},"author":1,"featured_media":0,"parent":0,"menu_order":0,"comment_status":"closed","ping_status":"open","template":"","meta":{"footnotes":""},"_links":{"self":[{"href":"https:\/\/vzfdj.de\/cms\/wp-json\/wp\/v2\/pages\/64"}],"collection":[{"href":"https:\/\/vzfdj.de\/cms\/wp-json\/wp\/v2\/pages"}],"about":[{"href":"https:\/\/vzfdj.de\/cms\/wp-json\/wp\/v2\/types\/page"}],"author":[{"embeddable":true,"href":"https:\/\/vzfdj.de\/cms\/wp-json\/wp\/v2\/users\/1"}],"replies":[{"embeddable":true,"href":"https:\/\/vzfdj.de\/cms\/wp-json\/wp\/v2\/comments?post=64"}],"version-history":[{"count":21,"href":"https:\/\/vzfdj.de\/cms\/wp-json\/wp\/v2\/pages\/64\/revisions"}],"predecessor-version":[{"id":496,"href":"https:\/\/vzfdj.de\/cms\/wp-json\/wp\/v2\/pages\/64\/revisions\/496"}],"wp:attachment":[{"href":"https:\/\/vzfdj.de\/cms\/wp-json\/wp\/v2\/media?parent=64"}],"curies":[{"name":"wp","href":"https:\/\/api.w.org\/{rel}","templated":true}]}}